late the highest common factor of 819 and f.
91
Let a(j) = -j**3 + 4*j**2 - 3*j + 2. Let o be a(3). Let m be (-5 + (4 - -3))*142/o. Suppose 9*t - m + 7 = 0. What is the greatest common factor of 12 and t?
3
Let r(q) = -q + 54. Let j be r(-15). Let z be (-37)/3*j/(-23). What is the greatest common factor of z and 333?
37
Suppose 3*x - 1 = -7. Suppose -8*s + 27 = -35*s. Let h be x - -13 - (s + 5). What is the greatest common divisor of 1 and h?
1
Let y be ((-1 + -1)*-248)/((-19)/(-6) + -3). What is the greatest common factor of 279 and y?
93
Suppose -3*t - 3*h = -5*h - 39, 5*h = -5*t + 90. Let z = 234 + 96. Suppose -13*d + 15*d = z. What is the greatest common factor of t and d?
15
Suppose 0 = -r - 2*q - 18, -3*r - 3*q - 66 = -12. Let a be (9/(r/(-8)) - -21)/1. Calculate the highest common factor of 25 and a.
25
Let f(t) = 2*t**2 + 20*t - 53. Let g be f(19). Let s = g + -724. Calculate the highest common divisor of s and 25.
25
Suppose -4*a + a - 3 = 0. Let s = a - -22. Let y(r) = r**3 + 99*r**2 - 78*r + 2214. Let j be y(-100). What is the greatest common factor of j and s?
7
Suppose -46 - 39 = -17*i. Let s be 1/(-4) - i*(-540)/48. What is the highest common divisor of 35 and s?
7
Suppose -16*g - 19 = 29. Let c(y) = -2*y**2 + 5*y - 1. Let o be c(g). Let p be 113/2 + 17/o. Calculate the greatest common divisor of 42 and p.
14
Suppose -336098 = -59*r + 10*r - 114275. Calculate the greatest common divisor of 36 and r.
9
Let i be 12/9 - (5/(-10) + 98/(-12)). Suppose 0 = -3*c + 4*c - 140. What is the greatest common factor of c and i?
10
Suppose -315 = -9*d - 3*y, 4*d + 3*y - 99 = 51. Calculate the greatest common factor of 795 and d.
3
Suppose 3*b + o + 6 = 2*b, -4*b = -4*o + 32. Let f(r) = 4*r + 28. Let p be f(b). Let s = 6 - p. What is the highest common divisor of 21 and s?
3
Let w = -15 + 15. Suppose 5*f - 1446 = -w*f + 3*n, 4*n - 1432 = -5*f. Suppose 25 + 299 = 18*d. Calculate the highest common divisor of f and d.
18
Let h(y) = -2*y**2 - 3 - 7*y - y - 4*y - y. Let b be h(-6). Suppose b*f - 18 = 12. What is the greatest common divisor of f and 10?
10
Let i be 2/11 - (-1507582)/1639. What is the highest common factor of 520 and i?
40
Suppose 10*c - 13*c + 48 = 0. Let y = c - -46. Suppose 67*s = y*s + 250. Calculate the highest common factor of s and 20.
10
Let y be ((-24)/42)/(4/(-14)). Suppose -y*v + 120 = -12. Suppose 5*b = 4*m + v, -b - 4*m = -0*b + 6. What is the greatest common divisor of b and 25?
5
Suppose 3*d - 3*m = 10488, 0 = 3*d - 473*m + 474*m - 10472. Calculate the highest common divisor of 36 and d.
36
Suppose -3*a = 2*h - 174, -a + 3*h - 231 = -5*a. Let g = -128 - -86. Let z be ((-520)/(-56) + -5)/((-1)/g). Calculate the highest common divisor of z and a.
60
Let j(a) = 114*a**2 - 39*a + 72. Let l be j(2). Calculate the greatest common divisor of l and 144.
18
Let l(o) = -o**3 - 25*o**2 - 8*o - 232. Let i be l(-25). Let n be -6*4/(-8)*i/(-2). Calculate the greatest common factor of n and 84.
12
Let n(o) = -4*o**2 - 92*o + 110. Let w be n(-23). Let v(j) = -j**3 + 6*j**2 + 2*j + 8. Let h be v(6). What is the greatest common divisor of h and w?
10
Suppose -159*y - 38 = -4*l - 157*y, 3*y - 51 = -3*l. Calculate the greatest common divisor of 134 and l.
2
Let j(c) = 170*c**2 + 16 - 3*c + c - 163*c**2. Let t be j(4). What is the highest common factor of t and 72?
24
Let v be 944/3 - (2 - 10)/24. Suppose -3*q - w + 335 = 0, 3*w = 3*q - 0*q - v. What is the greatest common divisor of q and 40?
10
Suppose -41 = -4*w - 9. Let z be (w/(-6))/(2/(-12)). Let u(b) = 3*b**3 - 15*b**2 + b - 1. Let k be u(5). Calculate the highest common divisor of z and k.
4
Suppose -3*p = 4*y - 72 - 7, 25 = p + 2*y. Let w(u) = -113*u**3 + 4*u + 3. Let h be w(-2). Calculate the greatest common divisor of h and p.
29
Let l(y) = 14*y + 196. Let p be l(22). Let v be 0/2 + 280/5. What is the highest common divisor of p and v?
56
Let j(z) = -11*z. Let o be j(-1). Let r = 28 - -110. Suppose 5*d - r = -3*n + 363, -4*n + 107 = d. Calculate the greatest common divisor of o and d.
11
Let b = 258 - 256. Suppose -2*g + 6*g + 2*k - 84 = 0, -2*g + 42 = -b*k. Let m(d) = -28*d - 7. Let x be m(-7). Calculate the greatest common divisor of x and g.
21
Let m be ((-912)/(-22))/3 + 292/1606. Let j(b) = -b + 1. Let i be j(-6). What is the greatest common factor of m and i?
7
Let r(c) = 4*c**2 - 15*c + 6. Let u be r(4). Suppose 0 = -9*d + 11*d - u. Suppose d*h = 6*h - 3. Calculate the greatest common divisor of 6 and h.
3
Let t = -69114 + 102502. Calculate the greatest common factor of 68 and t.
68
Let g(w) = 10*w + 13*w - 2*w - 117 + 32*w. Let t be g(5). Calculate the greatest common divisor of t and 37.
37
Suppose -18*g = -3808 - 7731 - 125. Calculate the highest common divisor of g and 9828.
108
Suppose 5*k - 41 = -5*f + 184, 0 = -5*f + k + 231. Let v = f - 28. Calculate the highest common divisor of v and 48.
6
Suppose -6*z + 4*z = 4*k - 968, -k - 3*z + 252 = 0. Suppose 0 = -3*b + 11*b - k. Let y = b + 2. Calculate the highest common factor of 4 and y.
4
Suppose 4*q - 3 = -h, 8 = 5*h + 4*q - 7. Let c(o) = -7*o + 10. Let n be c(-8). What is the greatest common factor of h and n?
3
Let h(r) = -r**2 + 8*r + 481. Let z be h(26). What is the highest common factor of 325 and z?
13
Let h = 125 - 229. Let k be (-27)/(-2)*h/(-78). Calculate the highest common divisor of 90 and k.
18
Suppose 0 = 2*m + 76 - 64. Let b(v) = -11*v - 63. Let d be b(m). Calculate the highest common divisor of 129 and d.
3
Let c be (-234576)/(-189) - (3/21 - (-2 - -2)). What is the highest common factor of 146 and c?
73
Let s(j) = 5*j - 26. Let o be s(5). Let k be 4 + -2 + (o - -1). What is the highest common factor of 22 and k?
2
Suppose 3*k - 3*u - 30 + 0 = 0, -k = 5*u + 20. Suppose -2*i = -k*b - 45, -22*b + 18*b = 5*i - 96. Calculate the greatest common factor of 52 and i.
4
Suppose 7*n - 6 = 8. Suppose -24 = -f - 4*w, -f + n*w = -2*f + 30. Calculate the highest common divisor of 153 and f.
9
Suppose -4*k + 4 = -60. Calculate the highest common factor of k and 2416.
16
Suppose -18*o - 967 + 11991 = -2*o. What is the greatest common factor of 106 and o?
53
Suppose 0 = -2*a + 24*a - 11000. Let u = a - 295. What is the greatest common factor of u and 82?
41
Suppose 1 = j - 2*a, 8 = 3*j + a - 2. Let i be -41*5/(-5) - j. Suppose -2*k = 2, i + 39 = 3*f - 5*k. Calculate the highest common divisor of 6 and f.
6
Let v(x) = x**3 + 20*x**2 + 19*x - 1. Let c be v(-19). Let j be (30/(-5) - 4)/c. Calculate the highest common factor of j and 20.
10
Let u(o) = 23*o - 210. Let t be u(0). Let a be (54/(-45))/(-3*(-4)/t). What is the highest common factor of a and 35?
7
Let u(a) = a**2 - 10*a. Let r be u(10). Let b be r + (-28)/4 + 4. Let y be (24 - b)*(1 - 0). Calculate the highest common factor of 27 and y.
27
Let g be 906/45 + 7 + (-214)/30. Let w(u) = -u**3 + 23*u**2 - 34*u - 44. Let d be w(g). Calculate the highest common divisor of d and 56.
28
Let a(x) = -x**3 - 6*x**2 + 2*x + 5. Let z be a(-6). Let h(w) = -26*w + 1. Let c be h(z). What is the greatest common factor of c and 61?
61
Suppose -1280 + 942 = -13*h. Calculate the greatest common factor of h and 1222.
26
Suppose f + 14*l - 41 = 12*l, -l + 43 = f. Let y be (1110/f*-1)/(1/(-30)). What is the highest common divisor of 20 and y?
20
Let i(k) = 195 + 216 - 9*k - 358. Let f be i(5). What is the highest common factor of f and 44?
4
Suppose 11 + 8 = -f. Let j be (f/3)/((-12)/36). Calculate the highest common divisor of j and 304.
19
Let i(z) = z**2 + 1329*z + 71294. Let w be i(-56). Suppose -c + 4*h = -18, 5*c - 175 = 5*h - 2*h. Calculate the highest common divisor of w and c.
2
Let u = 10661 - 3056. What is the greatest common factor of u and 15?
15
Let k(z) = -5*z**2 - 101*z - 490. Let g be k(-10). What is the greatest common divisor of 788 and g?
4
Suppose -18 = -3*w - 7*s + 6*s, 3*s = 0. What is the greatest common factor of 2526 and w?
6
Let u = 7 - -39. Suppose -2*r - u = -5*p, -p + 9 = -r - 2*p. Let x(w) = 2*w**2 + 26*w + 5. Let a be x(r). Calculate the greatest common factor of 55 and a.
5
Suppose 10*s - 429 = -109. Suppose 4*b - 13 = -5*k, -2*k + 5*b - 2 - 6 = 0. Let u be 2 + 0 + 6/k. What is the highest common factor of s and u?
8
Suppose 2*o + 2*j - 476 = 0, -